 + p*v - 36 = 0. Give w(v).
10
Let w(m) = -15*m**3 - m**2 + 3*m - 1. Let a be (-329)/63 - -7 - 2 - (-11)/9. Calculate w(a).
-14
Let a(m) be the first derivative of m**4/4 + 4*m**3/3 + 2*m**2 - m + 3313. What is a(-3)?
-4
Let w(t) be the third derivative of -t**8/20160 - t**7/720 - t**6/120 + 19*t**5/30 + 55*t**2. Let s(l) be the third derivative of w(l). Give s(-4).
6
Suppose 0*q + 5*z - 88 = 4*q, -26 = 2*q + 2*z. Let d = 14 + q. Let g(i) = -14*i + 7. Let f(s) = -25*s + 12. Let j(w) = -4*f(w) + 7*g(w). Give j(d).
-5
Let y(i) = -i**3 + 4*i**2 + 2*i + 7. Let p be ((-2)/(-4))/((-1)/70). Let m be p/5 + 3 + 8. Suppose 0 = -3*o - 3, 19 - m = 4*x + 5*o. What is y(x)?
-8
Suppose 18 = 2004*j - 1998*j. Let b(y) be the first derivative of -y**2/2 + 4*y - 47. Calculate b(j).
1
Let k = 1759 + -1757. Let q(r) be the third derivative of -r**6/120 + r**4/12 - r**3/6 - 6*r**2. What is q(k)?
-5
Let h(t) = 8*t + 49. Suppose -24*c + 21*c - 4*b = -7, -2*c - 4*b = -14. Give h(c).
-7
Let p(h) be the first derivative of h**3/3 - 21*h**2/2 + 89*h + 2338. Give p(14).
-9
Let v = 59 - 53. Let z = v + -4. Suppose -z*n + 9 = n. Let p(t) = 8*t - 3. What is p(n)?
21
Let b(k) = k + 3. Let q(a) = 2*a**2 - 31*a + 62. Let r be q(13). Let u(g) = -g - 1. Let n(z) = r*b(z) - 2*u(z). What is n(-10)?
3
Let d(l) = 5*l - 73. Suppose 11993 = 5*z + 11943. Give d(z).
-23
Let n(d) be the first derivative of d**3/3 - d**2 + d - 23. Determine n(1).
0
Let o(t) = 3*t + 64. Suppose 18 + 35 = -h - 5*p, 2*p = h + 18. Calculate o(h).
-20
Let i(n) = n**2 + 8*n + 33. Suppose -3*y = -3*u - 21, 102*u + 2*y = 99*u + 14. Give i(u).
33
Let x(c) = -c**3 - 2*c**2 + 2*c + 12. Let d(v) = 21*v - 144. Let w be d(7). Let s(o) = o**2 - o + 2. Let p(j) = w*s(j) - x(j). Calculate p(-5).
19
Let q be (-1 - -1)*1/(-2). Let g = 0 - q. Let u(o) be the first derivative of o**3/3 + o**2/2 - 10*o - 2543. What is u(g)?
-10
Let g = -129 + 133. Let y be 0/8*(g/(-4) + 2). Let n(v) = -v + 7. Determine n(y).
7
Let a(b) be the first derivative of 3*b**3 - 5*b**2/2 + 13*b + 2064. Give a(2).
39
Let k(h) = -4*h**3 - h**2 + 55*h - 53. Let v be k(1). Let y(z) = 0*z**2 + z**2 - 4 + 4*z + 0. What is y(v)?
-7
Let j(c) be the second derivative of c**4/6 - 7*c**3/6 + c**2 - 6121*c. Calculate j(-6).
116
Let w(l) = -l**3 - 8*l**2 - 8*l - 12. Let f be w(-7). Let b(n) = 9*n + 10. Let j(g) = -14*g - 15. Let t(o) = f*j(o) - 8*b(o). Calculate t(-7).
9
Let w(y) = 4*y + 5. Let a(c) = c. Suppose -6 + 7 = d. Let x(v) = d*w(v) - 3*a(v). Let m be 61/(-7) - (-12 - (-1204)/98). What is x(m)?
-4
Let j(v) = -3*v + 1. Let f(c) be the third derivative of 1/8*c**4 + 0 + 37/6*c**3 + 12*c**2 + 0*c. Let i be f(-12). Determine j(i).
-2
Let r(o) = o**2 + 9*o - 5. Let n(w) = 3*w**2 + 21*w - 12. Let t(c) = 2*n(c) - 5*r(c). Suppose 10 = 5*g - 0. Suppose g*i - 7 = 3. Determine t(i).
11
Let d(b) = -b**2 + 7*b - 9. Suppose 3*i = -3*g + 6, -6*g = -3*g. Let t be 1 - (-3 + 8/i). Suppose 5*l + l - 36 = t. Determine d(l).
-3
Let u(c) = c**3 - 27*c**2 - c - 10. Let q be (-4)/(-5) - (2752/(-160) + -9). Determine u(q).
-37
Let m(s) = s**2 + 3*s - 1. Let t = 374 - 249. Let l = -129 + t. Determine m(l).
3
Let i be ((-140)/75 + (-2)/(-3))/((-24)/40). Let t(x) be the second derivative of -x**5/10 - 2*x**3/3 + 3*x**2/2 - 15*x. What is t(i)?
-21
Let u(m) = m**3 + 7*m**2 + 5*m - 6. Let t be u(-3). Let i be 6*10/t + -5. Let y be 48/(-9)*i*12/8. Let b(x) = x - 13. What is b(y)?
-5
Let z = -4671 + 4673. Let n(d) be the second derivative of -7/2*d**z + 0 - 2*d - 1/6*d**3. Determine n(-7).
0
Let g(j) = -j**3 + j + 6. Let c be g(3). Let b = -16 - c. Let i(y) = -y - 9*y**b - 1 + 47*y**3 - 7*y - 48*y**3. What is i(-8)?
-1
Let l(u) be the second derivative of 11*u**3/6 - 11*u**2/2 - 2893*u. Give l(-5).
-66
Let r(h) = -h**3 - 21 + 36983*h**2 - 36956*h**2 + 64 - 28*h + 0*h**3. What is r(26)?
-9
Let m = -75 - -116. Suppose -v = -5*d - m + 1, 3*v - 94 = 2*d. Suppose -5*p + 4*z + v = -0*z, -p + 6 = -4*z. Let i(l) = l**3 - 7*l**2 + 6*l + 6. What is i(p)?
6
Let t(a) be the second derivative of 3*a**5/10 + a**4/12 - a**3/2 + 3*a**2/2 + 319*a - 1. What is t(2)?
49
Let i(k) be the third derivative of -k**6/60 - k**5/60 + k**4/12 + 19*k**2. Suppose 0 = 2*h - 5*d + 19, -2*h + 4*d - 16 = -0*d. Calculate i(h).
8
Let r(w) = 3*w + 0*w - 2*w + 3. Let h = 93 + -138. Let n = h + 41. Determine r(n).
-1
Let z(f) = 13*f - 6*f - 4*f + 9*f**2 - 8*f - 22 + f + f**3. Give z(-9).
14
Let a = 8045 - 8073. Let p(k) = -k**2 - 39*k - 310. Calculate p(a).
-2
Let h(a) be the first derivative of 2*a**2 + 2*a + 13/3*a**3 - 130. Give h(-2).
46
Let o be (-700)/40*(-8)/14. Let g(u) be the second derivative of -u**3/6 - u**2/2 - 324*u. Calculate g(o).
-11
Let t(n) = -13 - 5*n - 6 + 9 - n**2. Let j(m) = -m**3 - 18*m**2 - 19*m - 42. Let b be j(-17). Determine t(b).
-34
Let b(z) = 11*z - 18. Suppose 0 = 4*g - 105*h + 103*h, -4*g + 2 = -h. Determine b(g).
-7
Let t = -17 + 20. Let s(n) = 48*n**2 + 8 - 73*n - 10 + 78*n - 49*n**2. What is s(t)?
4
Let z(f) = -26*f - 143. Let i be z(-7). Let l(a) = 37 + i - a + 45 - 127. Give l(2).
-8
Let s(n) = 13*n + 145. Let q be (-22)/((4 - 12) + 4 - 3*-2). Determine s(q).
2
Let i(w) = -230*w + 14. Let b(j) = 126*j - 7. Let f(c) = 11*b(c) + 6*i(c). Give f(-9).
-47
Let a = -31 + 33. Let r(v) = -5*v**a - 7*v**3 - 1 + 9*v**2 - 4*v + 8*v**3. Let f be r(-5). Let k(t) = -t**3 - 7*t**2 - 7*t - 1. Determine k(f).
5
Let b(u) = -8*u - 98. Suppose -5*z - 5*g + 6*g - 70 = 0, g = 4*z + 57. Give b(z).
6
Let n(p) = -7*p**2 + 9*p - 21. Let q(j) = -10*j**2 + 14*j - 31. Let y(z) = -7*n(z) + 5*q(z). Determine y(0).
-8
Let q(z) = 3*z - 64*z**2 - 66*z**2 - 1 + 129*z**2 - 12*z + 23. Determine q(-10).
12
Let o(i) = -14*i**3 - 12*i**2 - i + 13. Let p(b) = 13*b**3 + 10*b**2 + b - 11. Let q(y) = -6*o(y) - 7*p(y). Calculate q(1).
-7
Suppose 4*b = 5*s - 35, -2*s - 8 = 3*b + 1. Let x(d) be the first derivative of 5*d**2/2 - 5*d - 257. Determine x(b).
-30
Let u(j) = -j**3 - 3*j**2 + 4*j. Let g be u(-4). Suppose g = -2*b + 76 - 72. Let f(k) = 3 - 13*k**3 + 12*k**3 + k + 2*k**b - 2. Determine f(3).
-5
Let y = 62 + -62. Suppose -4*o - 23 = 2*i - i, y = -4*o + 3*i - 11. Let l(c) = 20*c + 32. Let d(s) = 7*s + 11. Let x(p) = 14*d(p) - 5*l(p). Calculate x(o).
4
Let m(u) = -21*u - 55*u + 5306461 - 5306501. Calculate m(-1).
36
Suppose 120*l + 1869 = 743*l. Let o(b) = -46*b + 104. Give o(l).
-34
Let m(c) be the first derivative of -c**4/12 - 7*c**3/6 - 3*c**2 + 69*c - 79. Let v(b) be the first derivative of m(b). What is v(-6)?
0
Let f(v) = 3*v + 3 + v + v**2 + 4 + 2*v. Let r be f(-5). Let m(y) = 42*y**2 + 53*y**2 + 1 - 98*y**2. Give m(r).
-11
Let r be (-7 - (1 + -6))*15/(-10). Let l(q) = 3830 - 4*q - 3839 + r*q. What is l(-5)?
-4
Suppose -201 = -34*t + 207. Suppose 5*m + 107 + 28 = 0. Let w be 3/((4/t)/(6/m)). Let q(g) = -4*g. Determine q(w).
8
Let u be (2/6)/(0 - 5/(-60)). Let r(y) = -2 + 3*y - 1 + u + 0. Let c(z) = 3*z + 15. Let t be c(-6). What is r(t)?
-8
Let l(k) = k**3 + 4*k**2 - 202*k + 106. Let m be l(12). Let n(q) = -q**2 - 18*q - 25. Calculate n(m).
31
Suppose -47*q + 147 = 6. Let w(o) = 3*o**2 - 9*o + 1. Calculate w(q).
1
Let c be 12/14*(-8 + 1). Let d(b) be the third derivative of 1/12*b**5 + 1/120*b**6 - 39*b**2 + 1/6*b**3 + 0 + 0*b - 7/24*b**4. Determine d(c).
7
Let m(o) = -2*o - 37. Let l(f) = 18. Let c(p) = -9*l(p) - 4*m(p). What is c(3)?
10
Let b(f) = -4*f**2 - 42*f - 17. Let d(u) = -2*u**2 - 24*u - 9. Let t(m) = 3*b(m) - 5*d(m). Let l = 74 - 79. Calculate t(l).
-26
Let x(t) = 4*t**2 - 5*t - 6. Let r(b) = -2*b**2 + 3*b + 3. Let s be (-3)/(9 + -6)*(-4)/(-2). Let l(g) = s*x(g) - 5*r(g). What is l(3)?
0
Let f(k) be the second derivative of -20*k**3/3 - 13*k**2/2 - 2336*k. Calculate f(-4).
147
Let y(d) = 5*d**2 - 3*d - 11. Let k(c) = -6*c**2 + 4*c + 12. Let z(q) = -4*k(q) - 5*y(q). Suppose 4*o + 5*t = -0*o - 20, 0 = -4*o + t - 20. What is z(o)?
-13
Let n(y) = -30*y - 291. Let p(s) = 4*s + 31. Let g(v) = -3*n(v) - 24*p(v). Determine g(22).
-3
Let q(p) = 4*p + 30. Let x(t) = -t**3 + 74*t**2 - 216*t + 206. Let l be x(71). Calculate q(l).
2
Let f(m) = -32*m**3 - 88*m**2 - 103*m - 131. Let o(y) = 5*y**3 + 14*y**2 + 17*y + 22. Let j(b) = 2*f(b) + 13*o(b). Determine j(-4).
-4
Let q(j) = 16*j - 26*j**3 - 28*j**3 + 56*j**3 + 4 + 33*